{"id":1004,"date":"2024-10-20T14:49:17","date_gmt":"2024-10-20T14:49:17","guid":{"rendered":"https:\/\/luxurydecorations.hr\/?page_id=1004"},"modified":"2024-10-20T19:13:43","modified_gmt":"2024-10-20T19:13:43","slug":"najam","status":"publish","type":"page","link":"https:\/\/luxurydecorations.hr\/index.php\/najam\/","title":{"rendered":"Najam"},"content":{"rendered":"\n<p class=\"has-text-align-center has-medium-font-size\" style=\"font-style:normal;font-weight:800\"><strong>   Najam starinskog telefona<\/strong><\/p>\n\n\n\n<p>Unesite jedinstvenu i zabavnu notu u svoje vjen\u010danje uz na\u0161 bijeli starinski telefon za najam, koji slu\u017ei kao ure\u0111aj za audio poruke! Ovaj vintage telefon nije samo dekorativan \u2013 omogu\u0107ava mladencima da ostave poruku poput: &#8220;Ve\u010deras nismo dostupni jer slavimo! Ostavite nam poruku nakon signala.&#8221; Gosti tada mogu ostaviti vlastite poruke, par rije\u010di ili \u010destitke koje \u0107e ostati kao dragocjena uspomena.<\/p>\n\n\n\n<p>Savr\u0161en za stvaranje nezaboravnih trenutaka i personaliziranih uspomena, ovaj retro telefon dodat \u0107e poseban \u0161arm va\u0161em doga\u0111aju i omogu\u0107iti gostima da se zabave dok ostavljaju poruke koje \u0107ete kasnije mo\u0107i preslu\u0161ati i \u010duvati zauvijek.<\/p>\n\n\n<div class=\"wp-block-image\">\n<figure class=\"aligncenter size-large\"><img loading=\"lazy\" decoding=\"async\" width=\"1024\" height=\"801\" src=\"https:\/\/luxurydecorations.hr\/wp-content\/uploads\/2024\/10\/starinski-telefon-1024x801.jpg\" alt=\"\" class=\"wp-image-1005\" srcset=\"https:\/\/luxurydecorations.hr\/wp-content\/uploads\/2024\/10\/starinski-telefon-1024x801.jpg 1024w, https:\/\/luxurydecorations.hr\/wp-content\/uploads\/2024\/10\/starinski-telefon-300x235.jpg 300w, https:\/\/luxurydecorations.hr\/wp-content\/uploads\/2024\/10\/starinski-telefon-768x601.jpg 768w, https:\/\/luxurydecorations.hr\/wp-content\/uploads\/2024\/10\/starinski-telefon.jpg 1080w\" sizes=\"auto, (max-width: 1024px) 100vw, 1024px\" \/><\/figure>\n<\/div>\n\n\n\n\n<p class=\"has-text-align-center has-medium-font-size\"><strong>   Najam metalnih konstrukcije za vjen\u010danja i prigode: <\/strong><\/p>\n\n\n\n<p>Va\u0161e vjen\u010danje ili posebna proslava su trenuci koji \u0107e ostaviti trajne uspomene. Za\u0161to ne biste unijeli notu elegancije, luksuza i stila koriste\u0107i na\u0161e metalne obru\u010de i konstrukcije?<\/p>\n\n\n\n<p>Na\u0161a ponuda metalnih obru\u010da i konstrukcija pru\u017ea idealno rje\u0161enje za kreiranje zapanjuju\u0107ih pozadina, dekorativnih elemenata i arhitektonskih detalja koji \u0107e svakom doga\u0111aju dati poseban \u0161arm i prefinjenost. Bez obzira \u017eelite li stvoriti romanti\u010dnu scenografiju za vjen\u010danje, transformirati prostor za slavlje ili impresionirati goste na poslovnom eventu, na\u0161e konstrukcije su izvrsna opcija.<\/p>\n\n\n<div class=\"wp-block-image\">\n<figure class=\"aligncenter size-large\"><img loading=\"lazy\" decoding=\"async\" width=\"675\" height=\"1024\" src=\"https:\/\/luxurydecorations.hr\/wp-content\/uploads\/2024\/10\/stalak-675x1024.jpg\" alt=\"\" class=\"wp-image-1007\" srcset=\"https:\/\/luxurydecorations.hr\/wp-content\/uploads\/2024\/10\/stalak-675x1024.jpg 675w, https:\/\/luxurydecorations.hr\/wp-content\/uploads\/2024\/10\/stalak-198x300.jpg 198w, https:\/\/luxurydecorations.hr\/wp-content\/uploads\/2024\/10\/stalak-768x1166.jpg 768w, https:\/\/luxurydecorations.hr\/wp-content\/uploads\/2024\/10\/stalak-1012x1536.jpg 1012w, https:\/\/luxurydecorations.hr\/wp-content\/uploads\/2024\/10\/stalak-1350x2048.jpg 1350w, https:\/\/luxurydecorations.hr\/wp-content\/uploads\/2024\/10\/stalak-712x1080.jpg 712w, https:\/\/luxurydecorations.hr\/wp-content\/uploads\/2024\/10\/stalak-scaled.jpg 1687w\" sizes=\"auto, (max-width: 675px) 100vw, 675px\" \/><\/figure>\n<\/div>\n\n\n\n\n<p><\/p>\n\n\n\n\n\n<p class=\"has-text-align-center has-large-font-size\">Sve \u0161to vam je potrebno za nezaboravno slavlje mo\u017eete prona\u0107i kod nas!<\/p>\n","protected":false},"excerpt":{"rendered":"<p>Najam starinskog telefona Unesite jedinstvenu i zabavnu notu u svoje vjen\u010danje uz na\u0161 bijeli starinski telefon za najam, koji slu\u017ei kao ure\u0111aj za audio poruke! Ovaj vintage telefon nije samo dekorativan \u2013 omogu\u0107ava mladencima da ostave poruku poput: &#8220;Ve\u010deras nismo dostupni jer slavimo! Ostavite nam poruku nakon signala.&#8221; Gosti tada mogu ostaviti vlastite poruke, par [&hellip;]<\/p>\n","protected":false},"author":1,"featured_media":0,"parent":0,"menu_order":0,"comment_status":"closed","ping_status":"closed","template":"","meta":{"saved_in_kubio":true,"footnotes":""},"class_list":["post-1004","page","type-page","status-publish","hentry"],"kubio_ai_page_context":{"short_desc":"","purpose":"general"},"yoast_head":"<!-- This site is optimized with the Yoast SEO plugin v23.2 - https:\/\/yoast.com\/wordpress\/plugins\/seo\/ -->\n<title>Najam - Luxury Decorations<\/title>\n<meta name=\"robots\" content=\"index, follow, max-snippet:-1, max-image-preview:large, max-video-preview:-1\" \/>\n<link rel=\"canonical\" href=\"https:\/\/luxurydecorations.hr\/index.php\/najam\/\" \/>\n<meta property=\"og:locale\" content=\"hr_HR\" \/>\n<meta property=\"og:type\" content=\"article\" \/>\n<meta property=\"og:title\" content=\"Najam - Luxury Decorations\" \/>\n<meta property=\"og:description\" content=\"Najam starinskog telefona Unesite jedinstvenu i zabavnu notu u svoje vjen\u010danje uz na\u0161 bijeli starinski telefon za najam, koji slu\u017ei kao ure\u0111aj za audio poruke! Ovaj vintage telefon nije samo dekorativan \u2013 omogu\u0107ava mladencima da ostave poruku poput: &#8220;Ve\u010deras nismo dostupni jer slavimo! Ostavite nam poruku nakon signala.&#8221; Gosti tada mogu ostaviti vlastite poruke, par [&hellip;]\" \/>\n<meta property=\"og:url\" content=\"https:\/\/luxurydecorations.hr\/index.php\/najam\/\" \/>\n<meta property=\"og:site_name\" content=\"Luxury Decorations\" \/>\n<meta property=\"article:publisher\" content=\"https:\/\/www.facebook.com\/luxury.dekoracije\" \/>\n<meta property=\"article:modified_time\" content=\"2024-10-20T19:13:43+00:00\" \/>\n<meta property=\"og:image\" content=\"https:\/\/luxurydecorations.hr\/wp-content\/uploads\/2024\/10\/starinski-telefon-1024x801.jpg\" \/>\n<meta name=\"twitter:card\" content=\"summary_large_image\" \/>\n<meta name=\"twitter:label1\" content=\"Procijenjeno vrijeme \u010ditanja\" \/>\n\t<meta name=\"twitter:data1\" content=\"2 minute\" \/>\n<script type=\"application\/ld+json\" class=\"yoast-schema-graph\">{\"@context\":\"https:\/\/schema.org\",\"@graph\":[{\"@type\":\"WebPage\",\"@id\":\"https:\/\/luxurydecorations.hr\/index.php\/najam\/\",\"url\":\"https:\/\/luxurydecorations.hr\/index.php\/najam\/\",\"name\":\"Najam - Luxury Decorations\",\"isPartOf\":{\"@id\":\"https:\/\/luxurydecorations.hr\/#website\"},\"primaryImageOfPage\":{\"@id\":\"https:\/\/luxurydecorations.hr\/index.php\/najam\/#primaryimage\"},\"image\":{\"@id\":\"https:\/\/luxurydecorations.hr\/index.php\/najam\/#primaryimage\"},\"thumbnailUrl\":\"https:\/\/luxurydecorations.hr\/wp-content\/uploads\/2024\/10\/starinski-telefon-1024x801.jpg\",\"datePublished\":\"2024-10-20T14:49:17+00:00\",\"dateModified\":\"2024-10-20T19:13:43+00:00\",\"breadcrumb\":{\"@id\":\"https:\/\/luxurydecorations.hr\/index.php\/najam\/#breadcrumb\"},\"inLanguage\":\"hr\",\"potentialAction\":[{\"@type\":\"ReadAction\",\"target\":[\"https:\/\/luxurydecorations.hr\/index.php\/najam\/\"]}]},{\"@type\":\"ImageObject\",\"inLanguage\":\"hr\",\"@id\":\"https:\/\/luxurydecorations.hr\/index.php\/najam\/#primaryimage\",\"url\":\"https:\/\/luxurydecorations.hr\/wp-content\/uploads\/2024\/10\/starinski-telefon.jpg\",\"contentUrl\":\"https:\/\/luxurydecorations.hr\/wp-content\/uploads\/2024\/10\/starinski-telefon.jpg\",\"width\":1080,\"height\":845},{\"@type\":\"BreadcrumbList\",\"@id\":\"https:\/\/luxurydecorations.hr\/index.php\/najam\/#breadcrumb\",\"itemListElement\":[{\"@type\":\"ListItem\",\"position\":1,\"name\":\"Po\u010detna stranica\",\"item\":\"https:\/\/luxurydecorations.hr\/\"},{\"@type\":\"ListItem\",\"position\":2,\"name\":\"Najam\"}]},{\"@type\":\"WebSite\",\"@id\":\"https:\/\/luxurydecorations.hr\/#website\",\"url\":\"https:\/\/luxurydecorations.hr\/\",\"name\":\"Luxury Decorations\",\"description\":\"\",\"publisher\":{\"@id\":\"https:\/\/luxurydecorations.hr\/#organization\"},\"potentialAction\":[{\"@type\":\"SearchAction\",\"target\":{\"@type\":\"EntryPoint\",\"urlTemplate\":\"https:\/\/luxurydecorations.hr\/?s={search_term_string}\"},\"query-input\":\"required name=search_term_string\"}],\"inLanguage\":\"hr\"},{\"@type\":\"Organization\",\"@id\":\"https:\/\/luxurydecorations.hr\/#organization\",\"name\":\"Luxury Decorations\",\"url\":\"https:\/\/luxurydecorations.hr\/\",\"logo\":{\"@type\":\"ImageObject\",\"inLanguage\":\"hr\",\"@id\":\"https:\/\/luxurydecorations.hr\/#\/schema\/logo\/image\/\",\"url\":\"https:\/\/luxurydecorations.hr\/wp-content\/uploads\/2024\/08\/luxury-decorations.jpg\",\"contentUrl\":\"https:\/\/luxurydecorations.hr\/wp-content\/uploads\/2024\/08\/luxury-decorations.jpg\",\"width\":960,\"height\":960,\"caption\":\"Luxury Decorations\"},\"image\":{\"@id\":\"https:\/\/luxurydecorations.hr\/#\/schema\/logo\/image\/\"},\"sameAs\":[\"https:\/\/www.facebook.com\/luxury.dekoracije\"]}]}<\/script>\n<!-- \/ Yoast SEO plugin. -->","yoast_head_json":{"title":"Najam - Luxury Decorations","robots":{"index":"index","follow":"follow","max-snippet":"max-snippet:-1","max-image-preview":"max-image-preview:large","max-video-preview":"max-video-preview:-1"},"canonical":"https:\/\/luxurydecorations.hr\/index.php\/najam\/","og_locale":"hr_HR","og_type":"article","og_title":"Najam - Luxury Decorations","og_description":"Najam starinskog telefona Unesite jedinstvenu i zabavnu notu u svoje vjen\u010danje uz na\u0161 bijeli starinski telefon za najam, koji slu\u017ei kao ure\u0111aj za audio poruke! Ovaj vintage telefon nije samo dekorativan \u2013 omogu\u0107ava mladencima da ostave poruku poput: &#8220;Ve\u010deras nismo dostupni jer slavimo! Ostavite nam poruku nakon signala.&#8221; Gosti tada mogu ostaviti vlastite poruke, par [&hellip;]","og_url":"https:\/\/luxurydecorations.hr\/index.php\/najam\/","og_site_name":"Luxury Decorations","article_publisher":"https:\/\/www.facebook.com\/luxury.dekoracije","article_modified_time":"2024-10-20T19:13:43+00:00","og_image":[{"url":"https:\/\/luxurydecorations.hr\/wp-content\/uploads\/2024\/10\/starinski-telefon-1024x801.jpg"}],"twitter_card":"summary_large_image","twitter_misc":{"Procijenjeno vrijeme \u010ditanja":"2 minute"},"schema":{"@context":"https:\/\/schema.org","@graph":[{"@type":"WebPage","@id":"https:\/\/luxurydecorations.hr\/index.php\/najam\/","url":"https:\/\/luxurydecorations.hr\/index.php\/najam\/","name":"Najam - Luxury Decorations","isPartOf":{"@id":"https:\/\/luxurydecorations.hr\/#website"},"primaryImageOfPage":{"@id":"https:\/\/luxurydecorations.hr\/index.php\/najam\/#primaryimage"},"image":{"@id":"https:\/\/luxurydecorations.hr\/index.php\/najam\/#primaryimage"},"thumbnailUrl":"https:\/\/luxurydecorations.hr\/wp-content\/uploads\/2024\/10\/starinski-telefon-1024x801.jpg","datePublished":"2024-10-20T14:49:17+00:00","dateModified":"2024-10-20T19:13:43+00:00","breadcrumb":{"@id":"https:\/\/luxurydecorations.hr\/index.php\/najam\/#breadcrumb"},"inLanguage":"hr","potentialAction":[{"@type":"ReadAction","target":["https:\/\/luxurydecorations.hr\/index.php\/najam\/"]}]},{"@type":"ImageObject","inLanguage":"hr","@id":"https:\/\/luxurydecorations.hr\/index.php\/najam\/#primaryimage","url":"https:\/\/luxurydecorations.hr\/wp-content\/uploads\/2024\/10\/starinski-telefon.jpg","contentUrl":"https:\/\/luxurydecorations.hr\/wp-content\/uploads\/2024\/10\/starinski-telefon.jpg","width":1080,"height":845},{"@type":"BreadcrumbList","@id":"https:\/\/luxurydecorations.hr\/index.php\/najam\/#breadcrumb","itemListElement":[{"@type":"ListItem","position":1,"name":"Po\u010detna stranica","item":"https:\/\/luxurydecorations.hr\/"},{"@type":"ListItem","position":2,"name":"Najam"}]},{"@type":"WebSite","@id":"https:\/\/luxurydecorations.hr\/#website","url":"https:\/\/luxurydecorations.hr\/","name":"Luxury Decorations","description":"","publisher":{"@id":"https:\/\/luxurydecorations.hr\/#organization"},"potentialAction":[{"@type":"SearchAction","target":{"@type":"EntryPoint","urlTemplate":"https:\/\/luxurydecorations.hr\/?s={search_term_string}"},"query-input":"required name=search_term_string"}],"inLanguage":"hr"},{"@type":"Organization","@id":"https:\/\/luxurydecorations.hr\/#organization","name":"Luxury Decorations","url":"https:\/\/luxurydecorations.hr\/","logo":{"@type":"ImageObject","inLanguage":"hr","@id":"https:\/\/luxurydecorations.hr\/#\/schema\/logo\/image\/","url":"https:\/\/luxurydecorations.hr\/wp-content\/uploads\/2024\/08\/luxury-decorations.jpg","contentUrl":"https:\/\/luxurydecorations.hr\/wp-content\/uploads\/2024\/08\/luxury-decorations.jpg","width":960,"height":960,"caption":"Luxury Decorations"},"image":{"@id":"https:\/\/luxurydecorations.hr\/#\/schema\/logo\/image\/"},"sameAs":["https:\/\/www.facebook.com\/luxury.dekoracije"]}]}},"_links":{"self":[{"href":"https:\/\/luxurydecorations.hr\/index.php\/wp-json\/wp\/v2\/pages\/1004","targetHints":{"allow":["GET"]}}],"collection":[{"href":"https:\/\/luxurydecorations.hr\/index.php\/wp-json\/wp\/v2\/pages"}],"about":[{"href":"https:\/\/luxurydecorations.hr\/index.php\/wp-json\/wp\/v2\/types\/page"}],"author":[{"embeddable":true,"href":"https:\/\/luxurydecorations.hr\/index.php\/wp-json\/wp\/v2\/users\/1"}],"replies":[{"embeddable":true,"href":"https:\/\/luxurydecorations.hr\/index.php\/wp-json\/wp\/v2\/comments?post=1004"}],"version-history":[{"count":16,"href":"https:\/\/luxurydecorations.hr\/index.php\/wp-json\/wp\/v2\/pages\/1004\/revisions"}],"predecessor-version":[{"id":1100,"href":"https:\/\/luxurydecorations.hr\/index.php\/wp-json\/wp\/v2\/pages\/1004\/revisions\/1100"}],"wp:attachment":[{"href":"https:\/\/luxurydecorations.hr\/index.php\/wp-json\/wp\/v2\/media?parent=1004"}],"curies":[{"name":"wp","href":"https:\/\/api.w.org\/{rel}","templated":true}]}}